{"id":25,"date":"2025-01-15T17:12:46","date_gmt":"2025-01-15T16:12:46","guid":{"rendered":"https:\/\/claboureausophrologue.fr\/?page_id=25"},"modified":"2025-02-21T12:34:41","modified_gmt":"2025-02-21T11:34:41","slug":"les-massages-les-seances","status":"publish","type":"page","link":"https:\/\/claboureausophrologue.fr\/index.php\/les-massages-les-seances\/","title":{"rendered":"Massages &#8211; les s\u00e9ances"},"content":{"rendered":"\n<h2 class=\"wp-block-heading has-text-color has-link-color wp-elements-368bf4fd20adf7e45013ea479bb48948\" style=\"color:#e835e2\">Massages &#8211; les s\u00e9ances<\/h2>\n\n\n\n<p class=\"wp-block-paragraph\">Lors de ces massages, vous restez habill\u00e9 (pieds nus pour le Shiatsu des pieds).<\/p>\n\n\n\n<p class=\"wp-block-paragraph\">Il est pr\u00e9f\u00e9rable d\u2019avoir une tenue confortable, pr\u00e8s du corps et d\u2019\u00f4ter les bijoux, ou barrettes dans les cheveux.<\/p>\n\n\n\n<p class=\"wp-block-paragraph\">L\u2019huile n\u2019est pas utilis\u00e9e, sauf parfois au niveau des pieds si besoin.<\/p>\n\n\n\n<p class=\"wp-block-paragraph\">Le massage se fait \u00e0 l\u2019aide de mes pouces, des paumes de mains, des coudes et des avant-bras.<\/p>\n\n\n\n<p class=\"wp-block-paragraph\">Les contacts sont sous forme de pression, de rotation ou d\u2019effleurement, ce qui fait que m\u00eame les personnes n\u2019appr\u00e9ciant pas les massages enveloppants (contact prononc\u00e9 et continu) prennent plaisir \u00e0 ces massages.<\/p>\n\n\n\n<p class=\"wp-block-paragraph\"><strong>Massage Amma assis<\/strong><\/p>\n\n\n\n<figure class=\"wp-block-image size-full is-resized\"><img loading=\"lazy\" decoding=\"async\" width=\"605\" height=\"314\" src=\"https:\/\/claboureausophrologue.fr\/wp-content\/uploads\/2025\/01\/massage-assis.png\" alt=\"massage AMMA assis\" class=\"wp-image-34\" style=\"width:487px;height:auto\" srcset=\"https:\/\/claboureausophrologue.fr\/wp-content\/uploads\/2025\/01\/massage-assis.png 605w, https:\/\/claboureausophrologue.fr\/wp-content\/uploads\/2025\/01\/massage-assis-300x156.png 300w\" sizes=\"auto, (max-width: 605px) 100vw, 605px\" \/><\/figure>\n\n\n\n<p class=\"wp-block-paragraph\">Vous \u00eates assis sur un fauteuil et les parties du corps mass\u00e9es sont le dos, les \u00e9paules, les bras, les mains, la t\u00eate et la nuque.<\/p>\n\n\n\n<p class=\"wp-block-paragraph\">Il y a \u00e9galement quelques mouvements d\u2019\u00e9tirements et de respiration.<br>C\u2019est un massage global, lib\u00e9rant les tensions.<\/p>\n\n\n\n<p class=\"wp-block-paragraph\"><strong>Shiatsu mains, t\u00eate, pieds\u00a0: <\/strong>id\u00e9alement, vous \u00eates allong\u00e9 sur un futon, au sol (si la position allong\u00e9e est impossible, la position assise peut \u00eatre prise)<\/p>\n\n\n\n<div class=\"wp-block-columns is-layout-flex wp-container-core-columns-is-layout-8f761849 wp-block-columns-is-layout-flex\">\n<div class=\"wp-block-column is-layout-flow wp-block-column-is-layout-flow\">\n<figure class=\"wp-block-image size-large\"><img loading=\"lazy\" decoding=\"async\" width=\"1024\" height=\"683\" src=\"https:\/\/claboureausophrologue.fr\/wp-content\/uploads\/2025\/01\/massage-mains-1024x683.jpg\" alt=\"Massage main\" class=\"wp-image-35\" srcset=\"https:\/\/claboureausophrologue.fr\/wp-content\/uploads\/2025\/01\/massage-mains-1024x683.jpg 1024w, https:\/\/claboureausophrologue.fr\/wp-content\/uploads\/2025\/01\/massage-mains-300x200.jpg 300w, https:\/\/claboureausophrologue.fr\/wp-content\/uploads\/2025\/01\/massage-mains-768x512.jpg 768w, https:\/\/claboureausophrologue.fr\/wp-content\/uploads\/2025\/01\/massage-mains-1536x1024.jpg 1536w, https:\/\/claboureausophrologue.fr\/wp-content\/uploads\/2025\/01\/massage-mains-2048x1365.jpg 2048w\" sizes=\"auto, (max-width: 1024px) 100vw, 1024px\" \/><figcaption class=\"wp-element-caption\">Massage Shiatsu main<\/figcaption><\/figure>\n<\/div>\n\n\n\n<div class=\"wp-block-column is-layout-flow wp-block-column-is-layout-flow\">\n<figure class=\"wp-block-image size-large\"><img loading=\"lazy\" decoding=\"async\" width=\"1024\" height=\"683\" src=\"https:\/\/claboureausophrologue.fr\/wp-content\/uploads\/2025\/01\/shiatsu-tete-1024x683.jpg\" alt=\"Massage shiatsu t\u00eate\" class=\"wp-image-33\" srcset=\"https:\/\/claboureausophrologue.fr\/wp-content\/uploads\/2025\/01\/shiatsu-tete-1024x683.jpg 1024w, https:\/\/claboureausophrologue.fr\/wp-content\/uploads\/2025\/01\/shiatsu-tete-300x200.jpg 300w, https:\/\/claboureausophrologue.fr\/wp-content\/uploads\/2025\/01\/shiatsu-tete-768x512.jpg 768w, https:\/\/claboureausophrologue.fr\/wp-content\/uploads\/2025\/01\/shiatsu-tete-1536x1024.jpg 1536w, https:\/\/claboureausophrologue.fr\/wp-content\/uploads\/2025\/01\/shiatsu-tete-2048x1366.jpg 2048w\" sizes=\"auto, (max-width: 1024px) 100vw, 1024px\" \/><figcaption class=\"wp-element-caption\">Massage shiatsu t\u00eate<\/figcaption><\/figure>\n<\/div>\n\n\n\n<div class=\"wp-block-column is-layout-flow wp-block-column-is-layout-flow\">\n<figure class=\"wp-block-image size-large\"><img loading=\"lazy\" decoding=\"async\" width=\"1024\" height=\"683\" src=\"https:\/\/claboureausophrologue.fr\/wp-content\/uploads\/2025\/01\/massage-pieds-1024x683.jpg\" alt=\"Massage pied\" class=\"wp-image-32\" srcset=\"https:\/\/claboureausophrologue.fr\/wp-content\/uploads\/2025\/01\/massage-pieds-1024x683.jpg 1024w, https:\/\/claboureausophrologue.fr\/wp-content\/uploads\/2025\/01\/massage-pieds-300x200.jpg 300w, https:\/\/claboureausophrologue.fr\/wp-content\/uploads\/2025\/01\/massage-pieds-768x513.jpg 768w, https:\/\/claboureausophrologue.fr\/wp-content\/uploads\/2025\/01\/massage-pieds-1536x1025.jpg 1536w, https:\/\/claboureausophrologue.fr\/wp-content\/uploads\/2025\/01\/massage-pieds-2048x1367.jpg 2048w\" sizes=\"auto, (max-width: 1024px) 100vw, 1024px\" \/><figcaption class=\"wp-element-caption\">Massage Shiatsu pied<\/figcaption><\/figure>\n<\/div>\n<\/div>\n\n\n\n<p class=\"wp-block-paragraph\">Les pressions s\u2019effectuent avec les doigts ou le poing.<\/p>\n\n\n\n<p class=\"wp-block-paragraph\"><\/p>\n","protected":false},"excerpt":{"rendered":"<p>Massages &#8211; les s\u00e9ances Lors de ces massages, vous restez habill\u00e9 (pieds nus pour le Shiatsu des pieds). Il est pr\u00e9f\u00e9rable d\u2019avoir une tenue confortable, pr\u00e8s du corps et d\u2019\u00f4ter les bijoux, ou barrettes dans les cheveux. L\u2019huile n\u2019est pas utilis\u00e9e, sauf parfois au niveau des pieds si besoin. Le massage se fait \u00e0 l\u2019aide &#8230; <a title=\"Massages &#8211; les s\u00e9ances\" class=\"read-more\" href=\"https:\/\/claboureausophrologue.fr\/index.php\/les-massages-les-seances\/\" aria-label=\"En savoir plus sur Massages &#8211; les s\u00e9ances\">Lire la suite<\/a><\/p>\n","protected":false},"author":1,"featured_media":0,"parent":0,"menu_order":0,"comment_status":"closed","ping_status":"closed","template":"","meta":{"_crdt_document":"","footnotes":""},"class_list":["post-25","page","type-page","status-publish"],"yoast_head":"<!-- This site is optimized with the Yoast SEO plugin v26.7 - https:\/\/yoast.com\/wordpress\/plugins\/seo\/ -->\n<title>Massages - les s\u00e9ances - Catherine Laboureau - Sophrologie et Massage<\/title>\n<meta name=\"description\" content=\"Massage Shiatsu Amma assis ou Shiatsu des mains, de la t\u00eate et des pieds. Vous restez habill\u00e9. Sans huile.\" \/>\n<meta name=\"robots\" content=\"index, follow, max-snippet:-1, max-image-preview:large, max-video-preview:-1\" \/>\n<link rel=\"canonical\" href=\"https:\/\/claboureausophrologue.fr\/index.php\/les-massages-les-seances\/\" \/>\n<meta property=\"og:locale\" content=\"fr_FR\" \/>\n<meta property=\"og:type\" content=\"article\" \/>\n<meta property=\"og:title\" content=\"Massages - les s\u00e9ances - Catherine Laboureau - Sophrologie et Massage\" \/>\n<meta property=\"og:description\" content=\"Massage Shiatsu Amma assis ou Shiatsu des mains, de la t\u00eate et des pieds. Vous restez habill\u00e9. Sans huile.\" \/>\n<meta property=\"og:url\" content=\"https:\/\/claboureausophrologue.fr\/index.php\/les-massages-les-seances\/\" \/>\n<meta property=\"og:site_name\" content=\"Catherine Laboureau - Sophrologie et Massage\" \/>\n<meta property=\"article:modified_time\" content=\"2025-02-21T11:34:41+00:00\" \/>\n<meta property=\"og:image\" content=\"https:\/\/claboureausophrologue.fr\/wp-content\/uploads\/2025\/01\/massage-assis.png\" \/>\n\t<meta property=\"og:image:width\" content=\"605\" \/>\n\t<meta property=\"og:image:height\" content=\"314\" \/>\n\t<meta property=\"og:image:type\" content=\"image\/png\" \/>\n<meta name=\"twitter:card\" content=\"summary_large_image\" \/>\n<meta name=\"twitter:label1\" content=\"Dur\u00e9e de lecture estim\u00e9e\" \/>\n\t<meta name=\"twitter:data1\" content=\"2 minutes\" \/>\n<script type=\"application\/ld+json\" class=\"yoast-schema-graph\">{\"@context\":\"https:\/\/schema.org\",\"@graph\":[{\"@type\":\"WebPage\",\"@id\":\"https:\/\/claboureausophrologue.fr\/index.php\/les-massages-les-seances\/\",\"url\":\"https:\/\/claboureausophrologue.fr\/index.php\/les-massages-les-seances\/\",\"name\":\"Massages - les s\u00e9ances - Catherine Laboureau - Sophrologie et Massage\",\"isPartOf\":{\"@id\":\"https:\/\/claboureausophrologue.fr\/#website\"},\"primaryImageOfPage\":{\"@id\":\"https:\/\/claboureausophrologue.fr\/index.php\/les-massages-les-seances\/#primaryimage\"},\"image\":{\"@id\":\"https:\/\/claboureausophrologue.fr\/index.php\/les-massages-les-seances\/#primaryimage\"},\"thumbnailUrl\":\"https:\/\/claboureausophrologue.fr\/wp-content\/uploads\/2025\/01\/massage-assis.png\",\"datePublished\":\"2025-01-15T16:12:46+00:00\",\"dateModified\":\"2025-02-21T11:34:41+00:00\",\"description\":\"Massage Shiatsu Amma assis ou Shiatsu des mains, de la t\u00eate et des pieds. Vous restez habill\u00e9. Sans huile.\",\"breadcrumb\":{\"@id\":\"https:\/\/claboureausophrologue.fr\/index.php\/les-massages-les-seances\/#breadcrumb\"},\"inLanguage\":\"fr-FR\",\"potentialAction\":[{\"@type\":\"ReadAction\",\"target\":[\"https:\/\/claboureausophrologue.fr\/index.php\/les-massages-les-seances\/\"]}]},{\"@type\":\"ImageObject\",\"inLanguage\":\"fr-FR\",\"@id\":\"https:\/\/claboureausophrologue.fr\/index.php\/les-massages-les-seances\/#primaryimage\",\"url\":\"https:\/\/claboureausophrologue.fr\/wp-content\/uploads\/2025\/01\/massage-assis.png\",\"contentUrl\":\"https:\/\/claboureausophrologue.fr\/wp-content\/uploads\/2025\/01\/massage-assis.png\",\"width\":605,\"height\":314,\"caption\":\"massage AMMA assis\"},{\"@type\":\"BreadcrumbList\",\"@id\":\"https:\/\/claboureausophrologue.fr\/index.php\/les-massages-les-seances\/#breadcrumb\",\"itemListElement\":[{\"@type\":\"ListItem\",\"position\":1,\"name\":\"Home\",\"item\":\"https:\/\/claboureausophrologue.fr\/\"},{\"@type\":\"ListItem\",\"position\":2,\"name\":\"Massages &#8211; les s\u00e9ances\"}]},{\"@type\":\"WebSite\",\"@id\":\"https:\/\/claboureausophrologue.fr\/#website\",\"url\":\"https:\/\/claboureausophrologue.fr\/\",\"name\":\"Catherine Laboureau - Sophrologie et Massage\",\"description\":\"\u00c0 l&#039;\u00e9coute de vos besoins\",\"publisher\":{\"@id\":\"https:\/\/claboureausophrologue.fr\/#\/schema\/person\/93726f0dbcb7f4f534f560d208885734\"},\"potentialAction\":[{\"@type\":\"SearchAction\",\"target\":{\"@type\":\"EntryPoint\",\"urlTemplate\":\"https:\/\/claboureausophrologue.fr\/?s={search_term_string}\"},\"query-input\":{\"@type\":\"PropertyValueSpecification\",\"valueRequired\":true,\"valueName\":\"search_term_string\"}}],\"inLanguage\":\"fr-FR\"},{\"@type\":[\"Person\",\"Organization\"],\"@id\":\"https:\/\/claboureausophrologue.fr\/#\/schema\/person\/93726f0dbcb7f4f534f560d208885734\",\"name\":\"laboureau\",\"image\":{\"@type\":\"ImageObject\",\"inLanguage\":\"fr-FR\",\"@id\":\"https:\/\/claboureausophrologue.fr\/#\/schema\/person\/image\/\",\"url\":\"https:\/\/claboureausophrologue.fr\/wp-content\/uploads\/2025\/01\/cropped-Logo-Site.jpeg\",\"contentUrl\":\"https:\/\/claboureausophrologue.fr\/wp-content\/uploads\/2025\/01\/cropped-Logo-Site.jpeg\",\"width\":500,\"height\":500,\"caption\":\"laboureau\"},\"logo\":{\"@id\":\"https:\/\/claboureausophrologue.fr\/#\/schema\/person\/image\/\"},\"sameAs\":[\"https:\/\/claboureausophrologue.fr\"]}]}<\/script>\n<!-- \/ Yoast SEO plugin. -->","yoast_head_json":{"title":"Massages - les s\u00e9ances - Catherine Laboureau - Sophrologie et Massage","description":"Massage Shiatsu Amma assis ou Shiatsu des mains, de la t\u00eate et des pieds. Vous restez habill\u00e9. Sans huile.","robots":{"index":"index","follow":"follow","max-snippet":"max-snippet:-1","max-image-preview":"max-image-preview:large","max-video-preview":"max-video-preview:-1"},"canonical":"https:\/\/claboureausophrologue.fr\/index.php\/les-massages-les-seances\/","og_locale":"fr_FR","og_type":"article","og_title":"Massages - les s\u00e9ances - Catherine Laboureau - Sophrologie et Massage","og_description":"Massage Shiatsu Amma assis ou Shiatsu des mains, de la t\u00eate et des pieds. Vous restez habill\u00e9. Sans huile.","og_url":"https:\/\/claboureausophrologue.fr\/index.php\/les-massages-les-seances\/","og_site_name":"Catherine Laboureau - Sophrologie et Massage","article_modified_time":"2025-02-21T11:34:41+00:00","og_image":[{"width":605,"height":314,"url":"https:\/\/claboureausophrologue.fr\/wp-content\/uploads\/2025\/01\/massage-assis.png","type":"image\/png"}],"twitter_card":"summary_large_image","twitter_misc":{"Dur\u00e9e de lecture estim\u00e9e":"2 minutes"},"schema":{"@context":"https:\/\/schema.org","@graph":[{"@type":"WebPage","@id":"https:\/\/claboureausophrologue.fr\/index.php\/les-massages-les-seances\/","url":"https:\/\/claboureausophrologue.fr\/index.php\/les-massages-les-seances\/","name":"Massages - les s\u00e9ances - Catherine Laboureau - Sophrologie et Massage","isPartOf":{"@id":"https:\/\/claboureausophrologue.fr\/#website"},"primaryImageOfPage":{"@id":"https:\/\/claboureausophrologue.fr\/index.php\/les-massages-les-seances\/#primaryimage"},"image":{"@id":"https:\/\/claboureausophrologue.fr\/index.php\/les-massages-les-seances\/#primaryimage"},"thumbnailUrl":"https:\/\/claboureausophrologue.fr\/wp-content\/uploads\/2025\/01\/massage-assis.png","datePublished":"2025-01-15T16:12:46+00:00","dateModified":"2025-02-21T11:34:41+00:00","description":"Massage Shiatsu Amma assis ou Shiatsu des mains, de la t\u00eate et des pieds. Vous restez habill\u00e9. Sans huile.","breadcrumb":{"@id":"https:\/\/claboureausophrologue.fr\/index.php\/les-massages-les-seances\/#breadcrumb"},"inLanguage":"fr-FR","potentialAction":[{"@type":"ReadAction","target":["https:\/\/claboureausophrologue.fr\/index.php\/les-massages-les-seances\/"]}]},{"@type":"ImageObject","inLanguage":"fr-FR","@id":"https:\/\/claboureausophrologue.fr\/index.php\/les-massages-les-seances\/#primaryimage","url":"https:\/\/claboureausophrologue.fr\/wp-content\/uploads\/2025\/01\/massage-assis.png","contentUrl":"https:\/\/claboureausophrologue.fr\/wp-content\/uploads\/2025\/01\/massage-assis.png","width":605,"height":314,"caption":"massage AMMA assis"},{"@type":"BreadcrumbList","@id":"https:\/\/claboureausophrologue.fr\/index.php\/les-massages-les-seances\/#breadcrumb","itemListElement":[{"@type":"ListItem","position":1,"name":"Home","item":"https:\/\/claboureausophrologue.fr\/"},{"@type":"ListItem","position":2,"name":"Massages &#8211; les s\u00e9ances"}]},{"@type":"WebSite","@id":"https:\/\/claboureausophrologue.fr\/#website","url":"https:\/\/claboureausophrologue.fr\/","name":"Catherine Laboureau - Sophrologie et Massage","description":"\u00c0 l&#039;\u00e9coute de vos besoins","publisher":{"@id":"https:\/\/claboureausophrologue.fr\/#\/schema\/person\/93726f0dbcb7f4f534f560d208885734"},"potentialAction":[{"@type":"SearchAction","target":{"@type":"EntryPoint","urlTemplate":"https:\/\/claboureausophrologue.fr\/?s={search_term_string}"},"query-input":{"@type":"PropertyValueSpecification","valueRequired":true,"valueName":"search_term_string"}}],"inLanguage":"fr-FR"},{"@type":["Person","Organization"],"@id":"https:\/\/claboureausophrologue.fr\/#\/schema\/person\/93726f0dbcb7f4f534f560d208885734","name":"laboureau","image":{"@type":"ImageObject","inLanguage":"fr-FR","@id":"https:\/\/claboureausophrologue.fr\/#\/schema\/person\/image\/","url":"https:\/\/claboureausophrologue.fr\/wp-content\/uploads\/2025\/01\/cropped-Logo-Site.jpeg","contentUrl":"https:\/\/claboureausophrologue.fr\/wp-content\/uploads\/2025\/01\/cropped-Logo-Site.jpeg","width":500,"height":500,"caption":"laboureau"},"logo":{"@id":"https:\/\/claboureausophrologue.fr\/#\/schema\/person\/image\/"},"sameAs":["https:\/\/claboureausophrologue.fr"]}]}},"_links":{"self":[{"href":"https:\/\/claboureausophrologue.fr\/index.php\/wp-json\/wp\/v2\/pages\/25","targetHints":{"allow":["GET"]}}],"collection":[{"href":"https:\/\/claboureausophrologue.fr\/index.php\/wp-json\/wp\/v2\/pages"}],"about":[{"href":"https:\/\/claboureausophrologue.fr\/index.php\/wp-json\/wp\/v2\/types\/page"}],"author":[{"embeddable":true,"href":"https:\/\/claboureausophrologue.fr\/index.php\/wp-json\/wp\/v2\/users\/1"}],"replies":[{"embeddable":true,"href":"https:\/\/claboureausophrologue.fr\/index.php\/wp-json\/wp\/v2\/comments?post=25"}],"version-history":[{"count":12,"href":"https:\/\/claboureausophrologue.fr\/index.php\/wp-json\/wp\/v2\/pages\/25\/revisions"}],"predecessor-version":[{"id":114,"href":"https:\/\/claboureausophrologue.fr\/index.php\/wp-json\/wp\/v2\/pages\/25\/revisions\/114"}],"wp:attachment":[{"href":"https:\/\/claboureausophrologue.fr\/index.php\/wp-json\/wp\/v2\/media?parent=25"}],"curies":[{"name":"wp","href":"https:\/\/api.w.org\/{rel}","templated":true}]}}